{"id":82,"date":"2016-03-12T18:05:54","date_gmt":"2016-03-12T17:05:54","guid":{"rendered":"http:\/\/www.franchouille.fr\/shadowrun\/?page_id=82"},"modified":"2016-03-12T18:05:54","modified_gmt":"2016-03-12T17:05:54","slug":"a-propos","status":"publish","type":"page","link":"http:\/\/www.franchouille.fr\/testsr\/a-propos\/","title":{"rendered":"A propos"},"content":{"rendered":"<h1 style=\"text-align: center\">Informations sur shadowrun.fr<\/h1>\n<h1 style=\"text-align: left\"><a href=\"http:\/\/www.franchouille.fr\/shadowrun\/a-propos\/charte-de-publication\/\">Charte de publication<\/a><\/h1>\n<p>La charte et contrat que toute personne publiant un contenu \u2013 quel qu\u2019il soit \u2013 sur le site shadowrun.fr doit avoir accept\u00e9.<\/p>\n<h1 style=\"text-align: left\"><a href=\"http:\/\/www.franchouille.fr\/shadowrun\/a-propos\/colophon\/\">Colophon<\/a><\/h1>\n<p>Le colophon technique du site.<\/p>\n<h1><a href=\"http:\/\/www.franchouille.fr\/shadowrun\/a-propos\/ecrire-article-2\/\">Comment \u00e9crire un article ?<\/a><\/h1>\n<p>Explications sur la r\u00e9daction et la publication d\u2019articles sur shadowrun.fr. Description d\u00e9taill\u00e9e, point par point pour publier un article.<\/p>\n<h1><strong>Cr\u00e9dits du site et des ressources<\/strong><\/h1>\n<p>Cr\u00e9dits et remerciements pour la cr\u00e9ation du site, mais aussi pour les ressources globale que l\u2019on y trouve.<\/p>\n<h1>English description of this website<\/h1>\n<p>Shadowrun.fr is a community website for the French-speaking audience of the Shadowrun RPG.<\/p>\n<h1>Les flux de donn\u00e9es disponibles<\/h1>\n<p>Les flux XML (RSS, Atom) \u00e0 diposition, et comment les utiliser pour se tenir au courant des mises \u00e0 jour du site ou pour faire de la syndication de contenu.<\/p>\n<h1><a href=\"http:\/\/www.franchouille.fr\/shadowrun\/a-propos\/mentions-legales-copyright\/\">Mentions l\u00e9gales et copyright<\/a><\/h1>\n<p>L\u2019ensemble des mentions l\u00e9gales, du droit d\u2019acc\u00e8s et de rectification, et des copyrights.<\/p>\n<h1>Objectifs et philosophie du site<\/h1>\n<p>Objectifs et philosophie du site.<\/p>\n","protected":false},"excerpt":{"rendered":"<p>Informations sur shadowrun.fr Charte de publication La charte et contrat que toute personne publiant un contenu \u2013 quel qu\u2019il soit \u2013 sur le site shadowrun.fr doit avoir accept\u00e9. Colophon Le colophon technique du site. Comment \u00e9crire un article ? Explications sur la r\u00e9daction et la publication d\u2019articles sur shadowrun.fr. Description d\u00e9taill\u00e9e, point par point pour [&hellip;]<\/p>\n","protected":false},"author":1,"featured_media":0,"parent":0,"menu_order":0,"comment_status":"closed","ping_status":"closed","template":"","meta":{"footnotes":""},"class_list":["post-82","page","type-page","status-publish","hentry"],"_links":{"self":[{"href":"http:\/\/www.franchouille.fr\/testsr\/wp-json\/wp\/v2\/pages\/82","targetHints":{"allow":["GET"]}}],"collection":[{"href":"http:\/\/www.franchouille.fr\/testsr\/wp-json\/wp\/v2\/pages"}],"about":[{"href":"http:\/\/www.franchouille.fr\/testsr\/wp-json\/wp\/v2\/types\/page"}],"author":[{"embeddable":true,"href":"http:\/\/www.franchouille.fr\/testsr\/wp-json\/wp\/v2\/users\/1"}],"replies":[{"embeddable":true,"href":"http:\/\/www.franchouille.fr\/testsr\/wp-json\/wp\/v2\/comments?post=82"}],"version-history":[{"count":0,"href":"http:\/\/www.franchouille.fr\/testsr\/wp-json\/wp\/v2\/pages\/82\/revisions"}],"wp:attachment":[{"href":"http:\/\/www.franchouille.fr\/testsr\/wp-json\/wp\/v2\/media?parent=82"}],"curies":[{"name":"wp","href":"https:\/\/api.w.org\/{rel}","templated":true}]}}