{"id":785,"date":"2005-05-09T14:09:38","date_gmt":"2005-05-09T13:09:38","guid":{"rendered":"http:\/\/www.franchouille.fr\/shadowrun\/?page_id=785"},"modified":"2005-05-09T14:09:38","modified_gmt":"2005-05-09T13:09:38","slug":"le-renard-et-les-chiens","status":"publish","type":"page","link":"http:\/\/www.franchouille.fr\/testsr\/aides-de-jeu\/monde-de-shadowrun\/le-renard-et-les-chiens\/","title":{"rendered":"Le Renard et les chiens"},"content":{"rendered":"<blockquote>\n<p class=\"aIntroduction\" style=\"text-align: center\">Ce texte, originellement intitul\u00e9 <cite>The Fox and the hounds<\/cite>, fait partie des \u00e9l\u00e9ments de background que FanPro met \u00e0 disposition sur le site officiel dans la partie <a href=\"http:\/\/www.shadowrunrpg.com\/missions\/\">Shadowrun Missions<\/a>. Il apporte un \u00e9clairage int\u00e9ressant sur le m\u00e9tier d\u2019arrangeur.<\/p>\n<\/blockquote>\n<p class=\"aST\" style=\"padding-left: 30px\">&gt;&gt;&gt;&gt;&gt;Il semble que Zoe ne soit pas la seule personne qui cherche \u00e0 obtenir des infos sur diverses personnes qui travaillent dans les ombres. Le fichier qui suit m\u2019a \u00e9t\u00e9 envoy\u00e9 par l\u2019ami d\u2019un ami\u2026 De toute \u00e9vidence, l\u2019un de ses camarades a, \u00e0 l\u2019occasion, laiss\u00e9 un micro ouvert dans le bureau, et l\u2019\u00e9quipe a eu la possibilit\u00e9 d\u2019\u00e9couter un entretien vid\u00e9ophonique entre leur arrangeur, qui se fait appeler \u00ab\u00a0Renard\u00a0\u00bb, et un journaliste anonyme. Bien que cette interview soit d\u00e9rangeante par certains aspects, il est vital que ceux qui travaillent dans les ombres sachent de quoi il retourne avec leur arrangeur. Tous ne sont pas comme Renard, mais beaucoup s\u2019en rapprochent suffisamment pour que les gars prennent le temps de s\u2019interroger sur ce qu\u2019un arrangeur peut retirer d\u2019une affaire. Les questions n\u2019ont pas d\u2019importance et peuvent \u00eatre facilement d\u00e9duites des r\u00e9ponses si \u00e9loquentes donn\u00e9es par Renard\u2026 Ce qui <strong>EST<\/strong> important est que Renard est un arrangeur montant sur la sc\u00e8ne de Seattle, et qu\u2019il a engag\u00e9 de nombreux talents locaux ces derniers temps. Si vous bossez sur Seattle, et que vous ne faites pas partie d\u2019une \u00e9quipe permanente, alors il y a de chances que Renard vous contact pour monter une \u00e9quipe\u2026<\/p>\n<p class=\"aSTS\" style=\"padding-left: 30px\">&gt;&gt;&gt;&gt;&gt;Captain Chaos<\/p>\n<p>Mon nom\u2026 Eh bien, disons que vous pouvez m\u2019appeler \u00ab\u00a0Renard.\u00a0\u00bb<\/p>\n<p>Mon boulot, c\u2019est du service public. Je prends soin de choses\u2026<\/p>\n<p>Ou, tout du moins, je m\u2019arrange pour qu\u2019on s\u2019occupe de choses pour des gens qui ne peuvent pas s\u2019occuper de ces choses par eux-m\u00eames\u2026 quelle qu\u2019en soit la raison\u2026 essentiellement parce que ces gens veulent garder les mains propres. Je me salis les mains \u00e0 leur place. C\u2019est mon lot. Vivre avec les mains sales.<\/p>\n<p>Oui, vous pouvez consid\u00e9rer que je suis un arrangeur.<\/p>\n<p class=\"aST\" style=\"padding-left: 30px\">&gt;&gt;&gt;&gt;&gt;J\u2019ai travaill\u00e9 pour Renard plusieurs fois. Ok, il est pas toujours facile en affaire, mais il a toujours \u00e9t\u00e9 r\u00e9glo avec moi.<\/p>\n<p class=\"aSTS\" style=\"padding-left: 30px\">&gt;&gt;&gt;&gt;&gt;Chipster<\/p>\n<p>L\u2019avantage, c\u2019est que \u00e7a rapporte gros\u2026 Bordel\u2026 pourquoi je ferais ce job si \u00e7a rapportait pas. Les Nuyens coulent \u00e0 flot. Des Nuyens sonnants et tr\u00e9buchants. Et puis il y a tous les putains d\u2019avantages qui viennent avec\u00a0: les femmes\u2026 les vir\u00e9es\u2026 les puces\u2026 tous ce qu\u2019un mec peut d\u00e9sirer. Et pour couronner le tout, j\u2019\u00e9volue bien mieux sur la ligne que les pauvres gars que j\u2019envoie courir les ombres pour moi.<\/p>\n<p>Quelle ligne\u2026 Ahhh\u2026la ligne qui s\u00e9pare les corpos des abysses de la rue. J\u2019\u00e9volue dans les deux mondes\u2026<\/p>\n<p>Ok, il y a bien des runners qui tentent de suivre cette ligne\u2026 mais il y en a peu qui arrivent \u00e0 maintenir l\u2019\u00e9quilibre. Apr\u00e8s tout, est-ce que je les paie pour qu\u2019ils deviennent ind\u00e9pendants\u00a0? Je ne crois pas\u2026<\/p>\n<p>M\u00eame si je d\u00e9teste l\u2019admettre, j\u2019ai besoin d\u2019eux\u2026 ok, il en vient par dizaine\u2026 quand l\u2019un est trop inexp\u00e9riment\u00e9 ou trop d\u00e9licat pour mener une course, il y en a dix derri\u00e8res qui attendent que je leur donne leur putain de chance de se faire un nom. C\u2019est \u00e7a que les runners en retirent\u2026 une r\u00e9putation\u2026 Je dois admettre que certains des runners que j\u2019utilise sont bons \u2013 tr\u00e8s bons \u2013 mais \u00e7a veut dire que plus ils deviennent bons, plus il faut que je les \u00e9conomise, que je ne les mette pas dans des situations dangereuses \u00e0 moins que je n\u2019ai vraiment besoin d\u2019eux. Est-ce qu\u2019un s\u00e9nateur de la Rome antique enverrait ses meilleurs gladiateurs se battrent \u00e0 mort \u00e0 chaque fois qu\u2019il se rend au Colys\u00e9e\u00a0? Putain, non\u00a0! Pas s\u2019il est intelligent\u2026 Tu \u00e9conomises ceux dans lesquels tu as investit jusqu\u2019\u00e0 ce qu\u2019ils aient suffisamment faim pour une nouvelle tuerie. Jusqu\u2019\u00e0 ce qu\u2019ils ne puissent pas faire sans un nouveau job. Jusqu\u2019\u00e0 ce que j\u2019ai vraiment besoin d\u2019eux. C\u2019est un cercle vicieux\u2026 mais c\u2019est le monde dans lequel nous vivons.<\/p>\n<p>Certains de ces cr\u00e9tins flambent tellement qu\u2019ils se retrouvent \u00e0 vivre dans la rue quelques semaines ou m\u00eame quelques jours \u00e0 peine apr\u00e8s leur derni\u00e8re paie confortable. Ils grillent leurs nuyens dans toutes sortes de jouets. J\u2019ai connu des runners qui avaient, litt\u00e9ralement parlant, des dizaines et des dizaines d\u2019armes, de tous les styles et tailles imaginables, qu\u2019ils planquaient dans des chambres fortes climatis\u00e9es herm\u00e9tiquement closes et dissimul\u00e9es. Et qu\u2019est-ce qu\u2019ils emm\u00e8nent quand je les envoie sur un run\u00a0? La m\u00eame vieille p\u00e9toire qu\u2019ils ont achet\u00e9e \u00e0 l\u2019\u00e9poque de leurs d\u00e9buts dans le m\u00e9tier. Mais qui suis-je pour me plaindre parce qu\u2019ils foutent en l\u2019air les nuyens que je leur donne dans ce genre d\u2019excentricit\u00e9s\u00a0? En plus, j\u2019en r\u00e9cup\u00e8re une partie la plupart du temps\u00a0! C\u2019est un job merveilleux\u2026<\/p>\n<p class=\"aST\" style=\"padding-left: 30px\">&gt;&gt;&gt;&gt;&gt;M\u00eame si Renard marque un point, il y a aussi ces runners, dont je fais partie, qui n\u2019utilisent jamais deux fois le m\u00eame flingue. Quand une mission est termin\u00e9e, les t\u00e9l\u00e9phones portables, les flingues, et tout ce qui a \u00e9t\u00e9 utilis\u00e9 pour le job et qui est rempla\u00e7able est hach\u00e9, d\u00e9coup\u00e9, cass\u00e9, mis dans des sacs en plastique et balanc\u00e9 dans une d\u00e9charge ou au fond d\u2019un lac. Pour s\u00fbr, \u00e7a ajoute aux co\u00fbts du run d\u2019avoir \u00e0 racheter de l\u2019\u00e9quipement \u00e0 chaque fois, mais je cours les ombres depuis bien plus longtemps que la plupart d\u2019entre-vous, et c\u2019est parce que je suis prudent \u2013 il n\u2019y a rien qui permette de remonter jusqu\u2019\u00e0 moi\u00a0!<\/p>\n<p class=\"aSTS\" style=\"padding-left: 30px\">&gt;&gt;&gt;&gt;&gt;Fayd<\/p>\n<p>Je le leur donne, et ils me le refilent aussit\u00f4t\u2026<\/p>\n<p>Ce que je veux dire, c\u2019est que la plupart des runners n\u2019ont jamais eu de SIN et s\u2019ils en ont eu un, \u00e7a n\u2019est plus prudent qu\u2019ils l\u2019utilisent \u00e0 nouveau. Alors, ils viennent me voir parce qu\u2019ils cherchent quelques friandises difficiles \u00e0 trouver, ou autre chose \u2013 et si ce n\u2019est pas moi qu\u2019ils viennent voir, qui \u00e0 votre avis s\u2019occupe de fournir les \u00e9tales du coin avec les trucs qu\u2019on peut trouver si on conna\u00eet les bonnes personnes et les bons endroits\u00a0?<\/p>\n<p>Les meilleurs runners\u00a0?<\/p>\n<p>Les meilleurs sont ceux que tu prends en main quand ils sont encore des chiots. Tu les \u00e9l\u00e8ves et tu les fa\u00e7onnes en fonction du potentiel que tu d\u00e9tectes chez eux. Manipulateur\u00a0? Ouaips, on peut dire \u00e7a. Mais on est pas dans un jeu pour gamins\u2026 c\u2019est mortellement s\u00e9rieux. Certains sont des petits voyous ou membres d\u2019un gang, d\u2019autres sont justes des gosses ou des exclus. Parfois, ce sont des types issus de corpos ou des mercenaires occasionnels. Je r\u00e9cup\u00e8re des petites frappes et je les transforme en outils. Certains sont des outils tr\u00e8s sp\u00e9cialis\u00e9s. D\u2019autres sont plut\u00f4t du genre \u00ab\u00a0marteau \u00e0 tout faire\u00a0\u00bb. Mais c\u2019est ce qu\u2019ils sont\u00a0: des outils. Des Johnsons viennent me voir avec un contrat. J\u2019\u00e9tudie le contrat et le budget n\u00e9goci\u00e9, ensuite, je regarde dans ma bo\u00eete \u00e0 outils et je choisis le meilleur assortiment pour que le boulot soit fait\u2026<\/p>\n<p class=\"aST\" style=\"padding-left: 30px\">&gt;&gt;&gt;&gt;&gt;Pour les runners qui ne travaillent pas r\u00e9guli\u00e8rement avec une \u00e9quipe particuli\u00e8re, ce genre d\u2019approche peut tourner \u00e0 leur avantage. Si tu connais tes coll\u00e8gues seulement de r\u00e9putation, o\u00f9 parce que tu bosses avec eux occasionnellement, tu risques pas de compromettre ta planque ou tes petits secrets.<\/p>\n<p class=\"aSTS\" style=\"padding-left: 30px\">&gt;&gt;&gt;&gt;&gt;Anoni Mouse<\/p>\n<p>Jamais\u2026 Je ne r\u00e9v\u00e8le jamais aux runners la valeur r\u00e9elle d\u2019un contrat, et n\u2019importe quel arrangeur digne de ce nom garde ce genre d\u2019infos pour lui. N\u2019oubliez pas qu\u2019il s\u2019agit d\u2019une organisation orient\u00e9e profit. Plus je peux en piquer aux runners, plus le run sera r\u00e9mun\u00e9rateur pour moi\u2026 Bien s\u00fbr que c\u2019est juste\u2026 R\u00e9fl\u00e9chissez, croyez-vous que les bo\u00eetes \u00e0 qui vous achetez des produits vous les vendent \u00e0 leur co\u00fbt r\u00e9el\u00a0? Bien s\u00fbr que non\u2026 Si tous les drones du monde savaient ce que valent leur pitoyable existence \u00e0 se taper nos corv\u00e9es, m\u00eame le plus faible d\u2019entre-eux serait en train de semer la terreur dans les rues\u2026<\/p>\n<p>Apr\u00e8s avoir compar\u00e9 le contrat et le budget, je regarde dans ma bo\u00eete \u00e0 outils et je choisis l\u2019outil qui sera le plus efficace pour atteindre le r\u00e9sultat auquel je me suis engag\u00e9.<\/p>\n<p>Parfois\u2026<\/p>\n<p>Ce que vous devez comprendre, c\u2019est que tout dans ce boulot repose sur le principe de se salir les mains et parfois les gladiateurs qui vont au Colys\u00e9e y sont envoy\u00e9s pour mourir. Comme je vous l\u2019ai dit, c\u2019est un cercle vicieux et les runners sont tout en bas de la cha\u00eene alimentaire. Tout d\u00e9pend de ce dont les gros bonnets des corpos ont besoin. Parfois, c\u2019est d\u2019un sacrifice \u2013 parfois, c\u2019est plus \u00e0 l\u2019avantage du runner. J\u2019ai aussi mes propres consid\u00e9rations, et elles sont parfois \u00e0 l\u2019avantage des runners, et parfois non\u2026 Bien entendu, les runners ont eux aussi leurs propres consid\u00e9rations. Mais \u00e7a, ce n\u2019est pas mon probl\u00e8me.<\/p>\n<p class=\"aST\" style=\"padding-left: 30px\">&gt;&gt;&gt;&gt;&gt;Quel pourri\u00a0! Je croyais que les arrangeurs \u00e9taient sens\u00e9s prendre soin de leurs runners\u00a0!!?<\/p>\n<p class=\"aSTS\" style=\"padding-left: 30px\">&gt;&gt;&gt;&gt;&gt;Ignor Aunt<\/p>\n<p class=\"aST\" style=\"padding-left: 30px\">&gt;&gt;&gt;&gt;&gt;Les arrangeurs ne sont pas l\u00e0 pour \u00eatre vos m\u00e8res ou vos baby-sitters\u2026 Vous devriez tous savoir que lorsque \u00e7a part en vrille, tout le monde cherche ceux qui ont ex\u00e9cut\u00e9 le contrat. Si vous retenez \u00e7a, ainsi que la fa\u00e7on dont les personnes avec qui vous bossez r\u00e9agiront, vous saurez \u00e0 quoi vous attendre et vous pourrez vous y pr\u00e9parer. Quoiqu\u2019il arrive, le boulot doit \u00eatre fait, ou vous perdrez votre r\u00e9putation, mais au moins vous pourrez vous pr\u00e9parez au pire.<\/p>\n<p class=\"aSTS\" style=\"padding-left: 30px\">&gt;&gt;&gt;&gt;&gt;Socio Pat<\/p>\n<p>Donc, je regarde dans ma bo\u00eete \u00e0 outils et je choisis les outils appropri\u00e9s pour le job\u00a0; ensuite, je les envois r\u00e9gler le probl\u00e8me qui m\u2019a \u00e9t\u00e9 soumis, quel qu\u2019il soit. Parfois, les outils finissent par penser qu\u2019ils sont mal utilis\u00e9s. Ce n\u2019est pas vraiment un probl\u00e8me. Au final, ils ont toujours plus besoin de moi que moi d\u2019eux, et ils sont conscients qu\u2019ils peuvent \u00eatre remplac\u00e9s \u00e0 tout moment.<\/p>\n<p>La plupart du temps, ce dont on a besoin est quelque chose que les runners sont le moins capable de fournir\u00a0: l\u2019invisibilit\u00e9.<\/p>\n<p>Non. Je ne parle pas de quelque chose de mystique. Je parle de professionnalisme. Je parle d\u2019un run totalement ind\u00e9tectable. Le run parfait est celui dont la cible ne s\u2019aper\u00e7oit jamais qu\u2019elle est le sujet de l\u2019attention de personnes autres que ses actionnaires. Il y a quelques runners pr\u00e9cieux qui comprennent vraiment ce simple concept.<\/p>\n<p>\u2013 sonnerie \u2013<\/p>\n<p>Vous allez devoir m\u2019excuser, j\u2019ai un appel sur une autre ligne. Les affaires ne s\u2019arr\u00eatent jamais\u2026<\/p>\n<p>Au revoir\u00a0!<\/p>\n<p>\u2013 click \u2013<\/p>\n<p>Bonjour\u2026 M. Johnson je suppose. Oui Monsieur, et en quoi puis-je vous \u00eatre utile aujourd\u2019hui\u00a0?<\/p>\n<hr class=\"fin-flotte-vu\" \/>\n<p class=\"articleInfos\">Document cr\u00e9\u00e9 \u00e0 l&rsquo;origine par <strong>C. Paul \u00ab\u00a0Granite\u00a0\u00bb Douglas<\/strong> et publi\u00e9 sur <a href=\"http:\/\/shadowrun.fr\">shadowrun.fr<\/a> le lundi 9 mai 2005 par <strong>Julien Le Marinier<\/strong>.<\/p>\n<p class=\"articleInfos\">Article mis \u00e0 disposition sous licence <em>Copyright FanPro<\/em>.<\/p>\n","protected":false},"excerpt":{"rendered":"<p>Ce texte, originellement intitul\u00e9 The Fox and the hounds, fait partie des \u00e9l\u00e9ments de background que FanPro met \u00e0 disposition sur le site officiel dans la partie Shadowrun Missions. Il apporte un \u00e9clairage int\u00e9ressant sur le m\u00e9tier d\u2019arrangeur. &gt;&gt;&gt;&gt;&gt;Il semble que Zoe ne soit pas la seule personne qui cherche \u00e0 obtenir des infos sur [&hellip;]<\/p>\n","protected":false},"author":1,"featured_media":0,"parent":615,"menu_order":0,"comment_status":"closed","ping_status":"closed","template":"","meta":{"footnotes":""},"class_list":["post-785","page","type-page","status-publish","hentry"],"_links":{"self":[{"href":"http:\/\/www.franchouille.fr\/testsr\/wp-json\/wp\/v2\/pages\/785","targetHints":{"allow":["GET"]}}],"collection":[{"href":"http:\/\/www.franchouille.fr\/testsr\/wp-json\/wp\/v2\/pages"}],"about":[{"href":"http:\/\/www.franchouille.fr\/testsr\/wp-json\/wp\/v2\/types\/page"}],"author":[{"embeddable":true,"href":"http:\/\/www.franchouille.fr\/testsr\/wp-json\/wp\/v2\/users\/1"}],"replies":[{"embeddable":true,"href":"http:\/\/www.franchouille.fr\/testsr\/wp-json\/wp\/v2\/comments?post=785"}],"version-history":[{"count":0,"href":"http:\/\/www.franchouille.fr\/testsr\/wp-json\/wp\/v2\/pages\/785\/revisions"}],"up":[{"embeddable":true,"href":"http:\/\/www.franchouille.fr\/testsr\/wp-json\/wp\/v2\/pages\/615"}],"wp:attachment":[{"href":"http:\/\/www.franchouille.fr\/testsr\/wp-json\/wp\/v2\/media?parent=785"}],"curies":[{"name":"wp","href":"https:\/\/api.w.org\/{rel}","templated":true}]}}