{"id":600,"date":"2007-02-14T17:44:12","date_gmt":"2007-02-14T16:44:12","guid":{"rendered":"http:\/\/www.franchouille.fr\/shadowrun\/?page_id=600"},"modified":"2007-02-14T17:44:12","modified_gmt":"2007-02-14T16:44:12","slug":"table-distances-de-deplacement","status":"publish","type":"page","link":"http:\/\/www.franchouille.fr\/testsr\/aides-de-jeu\/regles-du-jeu\/table-distances-de-deplacement\/","title":{"rendered":"Table des distances de d\u00e9placement"},"content":{"rendered":"<p>Voici une table r\u00e9capitulative des distances parcourues au cours d\u2019une passe d\u2019initiative (not\u00e9e <em>PI<\/em>) selon le nombre de passes du tour, la vitesse de d\u00e9placement de base (li\u00e9e au m\u00e9tatype) et le mode de d\u00e9placement. (course ou marche)<\/p>\n<table border=\"1\" width=\"519\" cellspacing=\"1\" cellpadding=\"4\">\n<tbody>\n<tr>\n<td colspan=\"2\" valign=\"top\" width=\"25%\" height=\"16\">M\u00e9tatype<\/td>\n<td colspan=\"2\" valign=\"top\" width=\"25%\" height=\"16\">Humains Elfes et Orks<\/td>\n<td colspan=\"2\" valign=\"top\" width=\"25%\" height=\"16\">Nains<\/td>\n<td colspan=\"2\" valign=\"top\" width=\"25%\" height=\"16\">Trolls<\/td>\n<\/tr>\n<tr>\n<td colspan=\"2\" valign=\"top\" width=\"25%\" height=\"17\">Mode de d\u00e9placement<\/td>\n<td valign=\"top\" width=\"12%\" height=\"17\">Marche<\/td>\n<td valign=\"top\" width=\"12%\" height=\"17\">Course<\/td>\n<td valign=\"top\" width=\"12%\" height=\"17\">Marche<\/td>\n<td valign=\"top\" width=\"12%\" height=\"17\">Course<\/td>\n<td valign=\"top\" width=\"12%\" height=\"17\">Marche<\/td>\n<td valign=\"top\" width=\"12%\" height=\"17\">Course<\/td>\n<\/tr>\n<tr>\n<td rowspan=\"4\" valign=\"top\" width=\"20%\" height=\"32\">Nombre de PI du tour<\/td>\n<td valign=\"top\" width=\"5%\" height=\"32\">1<\/td>\n<td valign=\"top\" width=\"12%\" height=\"32\">10m<\/td>\n<td valign=\"top\" width=\"12%\" height=\"32\">25m<\/td>\n<td valign=\"top\" width=\"12%\" height=\"32\">8m<\/td>\n<td valign=\"top\" width=\"12%\" height=\"32\">20m<\/td>\n<td valign=\"top\" width=\"12%\" height=\"32\">15m<\/td>\n<td valign=\"top\" width=\"12%\" height=\"32\">35m<\/td>\n<\/tr>\n<tr>\n<td valign=\"top\" width=\"5%\" height=\"32\">2<\/td>\n<td valign=\"top\" width=\"12%\" height=\"32\">5m<\/td>\n<td valign=\"top\" width=\"12%\" height=\"32\">12,5m<\/td>\n<td valign=\"top\" width=\"12%\" height=\"32\">4m<\/td>\n<td valign=\"top\" width=\"12%\" height=\"32\">10m<\/td>\n<td valign=\"top\" width=\"12%\" height=\"32\">7,5m<\/td>\n<td valign=\"top\" width=\"12%\" height=\"32\">17,5m<\/td>\n<\/tr>\n<tr>\n<td valign=\"top\" width=\"5%\" height=\"32\">3<\/td>\n<td valign=\"top\" width=\"12%\" height=\"32\">3,33m<\/td>\n<td valign=\"top\" width=\"12%\" height=\"32\">8,33m<\/td>\n<td valign=\"top\" width=\"12%\" height=\"32\">2,67m<\/td>\n<td valign=\"top\" width=\"12%\" height=\"32\">6,67m<\/td>\n<td valign=\"top\" width=\"12%\" height=\"32\">5m<\/td>\n<td valign=\"top\" width=\"12%\" height=\"32\">11,67m<\/td>\n<\/tr>\n<tr>\n<td valign=\"top\" width=\"5%\" height=\"32\">4<\/td>\n<td valign=\"top\" width=\"12%\" height=\"32\">2,5m<\/td>\n<td valign=\"top\" width=\"12%\" height=\"32\">6,25m<\/td>\n<td valign=\"top\" width=\"12%\" height=\"32\">2m<\/td>\n<td valign=\"top\" width=\"12%\" height=\"32\">5m<\/td>\n<td valign=\"top\" width=\"12%\" height=\"32\">3,75m<\/td>\n<td valign=\"top\" width=\"12%\" height=\"32\">8,75m<\/td>\n<\/tr>\n<\/tbody>\n<\/table>\n<p>Dans le cas particulier du sprint, un jet de Course+For est effectu\u00e9, chaque succ\u00e8s apporte alors 2m suppl\u00e9mentaires \u00e0 la distance parcourue dans le tour, soit selon le nombre de Passes d\u2019Initiatives du tour\u00a0:<\/p>\n<table style=\"height: 235px\" border=\"1\" width=\"362\" cellspacing=\"1\" cellpadding=\"4\">\n<tbody>\n<tr>\n<td style=\"text-align: center\" valign=\"top\" width=\"16%\" height=\"29\">1 PI<\/td>\n<td valign=\"top\" width=\"84%\" height=\"29\">2m par passe et par succ\u00e8s<\/td>\n<\/tr>\n<tr>\n<td style=\"text-align: center\" valign=\"top\" width=\"16%\" height=\"29\">2 PI<\/td>\n<td valign=\"top\" width=\"84%\" height=\"29\">1m par passe et par succ\u00e8s<\/td>\n<\/tr>\n<tr>\n<td style=\"text-align: center\" valign=\"top\" width=\"16%\" height=\"29\">3 PI<\/td>\n<td valign=\"top\" width=\"84%\" height=\"29\">66,7cm par passe et par succ\u00e8s<\/td>\n<\/tr>\n<tr>\n<td style=\"text-align: center\" valign=\"top\" width=\"16%\" height=\"29\">4 PI<\/td>\n<td valign=\"top\" width=\"84%\" height=\"29\">50cm par passe et par succ\u00e8s<\/td>\n<\/tr>\n<\/tbody>\n<\/table>\n","protected":false},"excerpt":{"rendered":"<p>Voici une table r\u00e9capitulative des distances parcourues au cours d\u2019une passe d\u2019initiative (not\u00e9e PI) selon le nombre de passes du tour, la vitesse de d\u00e9placement de base (li\u00e9e au m\u00e9tatype) et le mode de d\u00e9placement. (course ou marche) M\u00e9tatype Humains Elfes et Orks Nains Trolls Mode de d\u00e9placement Marche Course Marche Course Marche Course Nombre [&hellip;]<\/p>\n","protected":false},"author":1,"featured_media":0,"parent":601,"menu_order":0,"comment_status":"closed","ping_status":"closed","template":"","meta":{"footnotes":""},"class_list":["post-600","page","type-page","status-publish","hentry"],"_links":{"self":[{"href":"http:\/\/www.franchouille.fr\/testsr\/wp-json\/wp\/v2\/pages\/600","targetHints":{"allow":["GET"]}}],"collection":[{"href":"http:\/\/www.franchouille.fr\/testsr\/wp-json\/wp\/v2\/pages"}],"about":[{"href":"http:\/\/www.franchouille.fr\/testsr\/wp-json\/wp\/v2\/types\/page"}],"author":[{"embeddable":true,"href":"http:\/\/www.franchouille.fr\/testsr\/wp-json\/wp\/v2\/users\/1"}],"replies":[{"embeddable":true,"href":"http:\/\/www.franchouille.fr\/testsr\/wp-json\/wp\/v2\/comments?post=600"}],"version-history":[{"count":0,"href":"http:\/\/www.franchouille.fr\/testsr\/wp-json\/wp\/v2\/pages\/600\/revisions"}],"up":[{"embeddable":true,"href":"http:\/\/www.franchouille.fr\/testsr\/wp-json\/wp\/v2\/pages\/601"}],"wp:attachment":[{"href":"http:\/\/www.franchouille.fr\/testsr\/wp-json\/wp\/v2\/media?parent=600"}],"curies":[{"name":"wp","href":"https:\/\/api.w.org\/{rel}","templated":true}]}}