{"id":592,"date":"2007-02-14T17:11:41","date_gmt":"2007-02-14T16:11:41","guid":{"rendered":"http:\/\/www.franchouille.fr\/shadowrun\/?page_id=592"},"modified":"2007-02-14T17:11:41","modified_gmt":"2007-02-14T16:11:41","slug":"lombre-dune-preuve","status":"publish","type":"page","link":"http:\/\/www.franchouille.fr\/testsr\/sr-inspi\/nouvelles\/lombre-dune-preuve\/","title":{"rendered":"Pas l&rsquo;ombre d&rsquo;une preuve\u2026"},"content":{"rendered":"<p>\u00ab\u00a0On sait que tu le connais ! Et tu vas nous dire ce que tu sais sur lui !\u00a0\u00bb<\/p>\n<p>Silence. Dans la petite pi\u00e8ce sombre et surchauff\u00e9e du b\u00e2timent principal de la Lone Star \u00e0 Seattle, cela faisait pr\u00e8s de deux heures que l\u2019inspecteur sp\u00e9cial Declan Smith interrogeait Frank Bayle. Dans cette affaire de meurtre, il avait re\u00e7u toute latitude de sa direction et il esp\u00e9rait la faire avancer rapidement. L\u2019elfe qu\u2019il avait en face de lui \u00e9tait sa meilleure piste et peut \u00eatre sa seule chance d\u2019en apprendre plus sur le d\u00e9nomm\u00e9 Walther Withdraw, dont on avait retrouv\u00e9 l\u2019ADN sur le lieu du crime.<\/p>\n<p>Mais l\u2019autre restait d\u00e9sesp\u00e9r\u00e9ment \u00e9vasif, quand il d\u00e9cidait de r\u00e9pondre \u00e0 une question. Tranquillement assis sur une chaise miteuse, il toisait l\u2019inspecteur et se moquait ouvertement de lui, s\u00fbr d\u2019\u00eatre bient\u00f4t dehors, faute de preuves.<\/p>\n<p>L&rsquo;inspecteur, les deux poings sur la petite table m\u00e9tallique, phalanges blanchissantes et m\u00e2choires serr\u00e9es, r\u00e9p\u00e9ta sa question\u2026<\/p>\n<hr \/>\n<p>5h56. Vendredi matin. L&rsquo;affaire tra\u00eenait en longueur et l&rsquo;inspecteur savait qu&rsquo;il vivait des heures capitales ; capitales parce qu&rsquo;il jouait autant pour lui que pour l&rsquo;\u00e9tablissement d&rsquo;une justice. Declan nourrissait encore le sentiment d&rsquo;appartenir \u00e0 une caste pour qui la devise \u00ab\u00a0servir &amp; prot\u00e9ger\u00a0\u00bb poss\u00e9dait une valeur, une sorte de chevalier, justicier path\u00e9tique et anachronique dans ce sixi\u00e8me monde d\u00e9finitivement mercantile. S&rsquo;il jouait pour lui, c&rsquo;est bien parce que dans une affaire de meurtre, aussi tragiquement ordinaire et banale qu&rsquo;elle puisse \u00eatre, on voyait rarement un pr\u00e9dateur urbain, un shadowrunner, se retrouver soup\u00e7onn\u00e9 et encore moins accus\u00e9 comme dans le cas de ce Walther Withdraw. Ainsi, ce fait divers deviendrait \u00ab\u00a0l&rsquo;Affaire Withdraw\u00a0\u00bb, r\u00e9f\u00e9rence en mati\u00e8re de jurisprudence : un bond dans sa longue et morne carri\u00e8re d&rsquo;inspecteur sp\u00e9cial de la LS, du moins l&rsquo;envisageait-il comme cela.<\/p>\n<p>\u00c0 cent lieues de ce d\u00e9bat int\u00e9rieur, Frank affichait un sourire ironique et m\u00e9prisant : il caressa distraitement le datajack chrom\u00e9 implant\u00e9 dans sa tempe droite, ses doigts fr\u00f4l\u00e8rent les tissus cicatriciels de l&rsquo;op\u00e9ration. Fumier de charcudoc, m&rsquo;a bien rat\u00e9\u2026 pensa-t-il, moi je le louperai pas, garanti\u2026D\u00e8s que je sors d&rsquo;ici\u2026 Se reconcentrant sur le moment pr\u00e9sent l&rsquo;elfe parvint \u00e0 capter la question du flic de mani\u00e8re quasi-compr\u00e9hensible : \u00ab\u00a0O\u00f9 est Withdraw???\u00a0\u00bb.<\/p>\n<p>Sortant de son mutisme, Frank Bayle cracha avec vindicte sa r\u00e9ponse au policier : \u00ab\u00a0Mettons que je sache o\u00f9 il est, c&rsquo;qu&rsquo;est pas forc\u00e9ment l\u2019cas et dont j\u2019me tape\u2026 moi, qu&rsquo;est ce que j\u2019glande ici, Star boy ?\u00a0\u00bb<\/p>\n<p>C\u00e9dant \u00e0 la col\u00e8re, l&rsquo;inspecteur Smith balaya d&rsquo;un coup de pied les jambes de la chaise sur laquelle Frank Bayle tr\u00f4nait cr\u00e2nement. La chaise, mise \u00e0 rude \u00e9preuve par des ann\u00e9es de dur traitement, c\u00e9da dans un claquement sec. L&rsquo;elfe se retrouva imm\u00e9diatement projet\u00e9 au sol et saisi par une poigne d&rsquo;acier \u00e0 la gorge.<\/p>\n<p>\u00ab\u00a0T&rsquo;es une raclure Bayle ! Une enflure de la pire esp\u00e8ce, une sale petite frappe minable et sans envergure ! Un runner, un moins que rien\u2026 Je te ferais parler, sois-en s\u00fbr\u2026 Tu cracheras ton histoire en pleurant pour que je te laisse partir !\u00a0\u00bb<\/p>\n<p>Puis, desserrant son \u00e9treinte, il laissa glisser mollement l&rsquo;elfe au sol\u2026 Celui-ci, loin de s&rsquo;\u00e9craser, fusilla du regard l&rsquo;inspecteur et, crachant un jet de salive sur le sol, \u00e9clata de rire : \u00ab\u00a0T&rsquo;es mort, Star boy\u2026 Tu le sais m\u00eame pas, mais tu es d\u00e9j\u00e0 mort. Tu finiras pas cette enqu\u00eate et si tu crois me faire peur\u2026 Va faire l&rsquo;avion tout nu dans le couloir, makaganee, tu sauras rien, que dalle\u2026 nada.\u00a0\u00bb<\/p>\n<hr \/>\n<p>7h48. Toujours rien, \u00e9ni\u00e8me pause soykaf, \u00e9ni\u00e8me tentative de se calmer. Declan Smith tournait en rond, l&rsquo;elfe ne c\u00e9dait rien et le chrono tournait. \u00ab\u00a0Une preuve, une putain de petite preuve et il est coffr\u00e9\u00a0\u00bb. \u00c0 son poignet, le commlink vibra soudainement : \u00ab\u00a0premi\u00e8re sonnerie, attendre, deuxi\u00e8me, respire mon vieux, respire\u2026trois\u00a0\u00bb.<\/p>\n<p>\u2013 Smith, Lone Star, j&rsquo;\u00e9coute ?<\/p>\n<p>\u2013 \u2026<\/p>\n<p>\u2013 Merci Kyle, merci mille fois, omae\u2026 Oui, monte-le en salle d&rsquo;interrogatoire !<\/p>\n<p>Rentrant comme une furie dans la petite pi\u00e8ce, l&rsquo;inspecteur Smith se dirigea de suite vers l\u2019elfe, assis sur une nouvelle chaise, son menton reposant sur sa poitrine.<\/p>\n<p>\u2013 Alors, Bayle, on dort ? T&rsquo;as raison, prend des forces, \u00e7a va \u00eatre long maintenant\u2026 Dis moi, je voudr ais savoir ce que tu faisais\u2026 Cette nuit, sur le parking du Mall Central de Seattle\u2026 \u00c0 2h17\u2026pr\u00e9cis\u00e9ment.<\/p>\n<p>\u2013 Au Mall, moi\u2026 Nan, Star boy, tu te plantes\u2026 J&rsquo;\u00e9tais au pieu avec ta femme\u2026 2 heures tu dis ? Ouais c&rsquo;est \u00e7a\u2026 C&rsquo;est quand elle me suppliait de la prendre, je m&rsquo;rappelle\u2026<\/p>\n<p>Vol\u00e9e de coups. L&rsquo;elfe a la bouche en sang mais il sourit. L&rsquo;inspecteur l\u00e8ve \u00e0 nouveau le poing\u2026 Il s&rsquo;arr\u00eate, la porte vient de s&rsquo;ouvrir. Un policier en tenue entre avec un holoproj&rsquo;.<\/p>\n<p>\u2013 Tu vois, Bayle, le plus dr\u00f4le, c&rsquo;est que ce que tu viens de prendre, c&rsquo;est juste par plaisir\u2026 Je vais te passer un petit film de tes exploits nocturnes\u2026 C&rsquo;est pas vraiment complet mais je sais que tu feras un joli commentaire apr\u00e8s\u2026<\/p>\n<p>\u2013 Un holo ! Personne ne croit \u00e0 \u00e7a, Star boy ! Si c&rsquo;\u00e9tait une preuve \u00e7a se saurait\u2026<\/p>\n<p>\u2013 \u2026 c&rsquo;est un fait, sauf que tu vois le juge me doit une faveur\u2026 Et c&rsquo;est pas comme si on pouvait faire confiance \u00e0 la justice ces temps-ci, hein ?<\/p>\n<p>Ce petit mensonge sembla avoir un effet sur le comportement de l&rsquo;elfe : ses yeux affichaient soudain moins d&rsquo;aplomb. Avait-il des doutes ?<\/p>\n<p>Declan, en inspecteur exp\u00e9riment\u00e9, poussa son avantage. Il appuya sur le bouton de l&rsquo;appareil trid\u00e9o qui, apr\u00e8s un vrombissement caract\u00e9ristique, fit na\u00eetre une projection holographique en R\u00e9alit\u00e9 Augment\u00e9e du parking du Mall. On pouvait y voir deux individus se d\u00e9pla\u00e7ant entre les voitures, l&rsquo;un d&rsquo;eux devait \u00eatre Frank Bayle, l&rsquo;autre \u00e9tait un homme petit, aux traits \u00e9pais et mous, la barbe mal ras\u00e9e et les cheveux longs. La trid\u00e9o s&rsquo;interrompait brusquement apr\u00e8s un bref \u00e9clair lumineux, \u00e9clairant la face radieuse de Bayle pointant vers l&rsquo;objectif un \u00e9norme pistolet.<\/p>\n<p>\u2013 Bon ok, Star boy, j&rsquo;\u00e9tais sur ce parking\u2026 Et apr\u00e8s ? Tu vas me coffrer pour avoir flingu\u00e9 une cam\u00e9ra cach\u00e9e ?<\/p>\n<p>\u2013 Non, Bayle, je te coffre pour complicit\u00e9 de meurtre, nettement plus dr\u00f4le\u2026 Tu crois pas ?\u00a0\u00bb<\/p>\n<p>L&rsquo;elfe eut du mal \u00e0 d\u00e9glutir. \u00c7a ne tournait pas du tout \u00e0 son avantage : quelques secondes plus t\u00f4t, il croyait encore que les flics cherchaient Withdraw pour une autre affaire. L\u00e0, il apprenait qu&rsquo;ils connaissaient leur course de cette nuit. Pas bon, pas bon du tout, pensa-t-il, si je crache l&rsquo;affaire au flic, je tue ma r\u00e9p&rsquo; dans les Ombres\u2026 Si je dis rien, le flic me coffre et c&rsquo;est la t\u00f4le\u2026<\/p>\n<p>\u00ab\u00a0Inspecteur, s\u00e9rieusement\u2026 Vous pouvez pas le prouver, ce que vous dites\u2026 Vous allez pas me coffrer sur des suppositions, hein ?\u00a0\u00bb<\/p>\n<p>Declan Smith jubilait, le poisson \u00e9tait ferr\u00e9, il savait que c&rsquo;\u00e9tait jou\u00e9, la partie \u00e9tait close. Bien s\u00fbr, les aveux ne seraient pas imm\u00e9diats, mais ce n&rsquo;\u00e9tait plus qu&rsquo;une question de temps. Il alla frapper \u00e0 la porte pour que le planton lui apporte une chaise et un Transcom pour prendre la d\u00e9position.<\/p>\n<p>\u00ab\u00a0Je t\u2019\u00e9coute, Bayle\u2026 On reprend au chapitre \u201c cette nuit, 2h17 \u201d\u2026 Tu te ballades avec Withdraw sur le parking du Mall et tu fais du \u201c tir au pigeon \u201d sur les n\u00e9olights\u2026 c&rsquo;est \u00e7a ?\u00a0\u00bb<\/p>\n<p>Il se saisit de la chaise que venait d&rsquo;amener le policier de garde, s&rsquo;installa \u00e0 l&rsquo;envers dessus, les coudes sur le dossier, le dossier contre la table et posa le Transcom sur cette derni\u00e8re.<\/p>\n<p>\u2013 Reprenons si tu veux bien\u2026<\/p>\n<p>\u2013 Ouais, c&rsquo;est \u00e7a\u2026 Je discutais avec mon pote, c&rsquo;est interdit ? Et les n\u00e9olights, c&rsquo;est mani\u00e8re de s&rsquo;entra\u00eener\u2026 Pas perdre la main, tu vois ?<\/p>\n<p>\u2013 Pas perdre la main\u2026 Tu veux dire que tu es coutumier de l&rsquo;usage d&rsquo;armes \u00e0 feu ? Passe-temps original pour un gars sans emploi r\u00e9f\u00e9renc\u00e9\u2026 Mais bon, passons\u2026 Que voulais-tu \u00e0 Withdraw ?<\/p>\n<p>\u2013 Rien, Star boy, on causait c&rsquo;est tout\u2026<\/p>\n<p>\u2013 Ok, alors de quoi parliez vous ?<\/p>\n<p>\u2013 Ben, de poup\u00e9e\u2026 Tse\u2026 Y&rsquo;as un nouveau bar qui a ouvert\u2026 Le \u00ab\u00a0Jade Jaune\u00a0\u00bb ou un truc dans le genre\u2026 Parait que c&rsquo;est bien fr\u00e9quent\u00e9 et qu&rsquo;elles sont avenantes\u2026<\/p>\n<p>\u2013 Et vous y \u00eates all\u00e9s \u00e0 ce bar ?<\/p>\n<p>\u2013 Non\u2026 Enfin si, apr\u00e8s, plus tard\u2026 Walther aime ces endroits.<\/p>\n<p>\u2013 T&rsquo;as dis \u00ab\u00a0apr\u00e8s\u00a0\u00bb\u2026 Bayle, apr\u00e8s quoi, dis-moi ? \u00c7a m&rsquo;int\u00e9resse !<\/p>\n<p>\u2013 Ben quand on discutait sur le parking\u2026 Il m&rsquo;a dit qu&rsquo;on irait cette nuit mais qu&rsquo;il avait un truc \u00e0 faire avant, tse c&rsquo;qu&rsquo;c&rsquo;est, on pose pas de questions entre potes\u2026 Je sais pas ce qu&rsquo;il allait faire moi\u2026<\/p>\n<p>\u2013 \u00c7a c&rsquo;est pas encore le sujet\u2026 On verra plus tard\u2026 Donc, tu disais qu&rsquo;il est parti et que vous \u00eates all\u00e9 au \u00ab\u00a0Jade Jaune\u00a0\u00bb plus tard dans la nuit\u2026 Comment il t&rsquo;a rejoint l\u00e0-bas ?<\/p>\n<p>\u2013 On y est all\u00e9 ensemble vers 03h30\u2026 Il m&rsquo;a appel\u00e9 15 minutes avant et je suis all\u00e9 le chercher devant chez lui\u2026<\/p>\n<p>\u2013 On t&rsquo;a arr\u00eat\u00e9 \u00e0 4h05 chez toi\u2026 Soit \u00e0 environ vingt bornes du Jade\u2026 Faut arr\u00eater tes mensonges, Bayle\u2026\u00c7a tient pas debout ton histoire. On reprend\u2026<\/p>\n<hr \/>\n<p>12h36. Declan Smith massait sa nuque raidie par la fatigue de ce long interrogatoire. Frank Bayle, alias Junk, avait quasiment livr\u00e9 le sc\u00e9nario du crime nocturne. Par la r\u00e9p\u00e9tition des faits, en exploitant les incoh\u00e9rences, l\u2019inspecteur avait obtenu un emploi du temps complet et pr\u00e9cis de l&rsquo;action. Il s&rsquo;\u00e9tait en outre assur\u00e9 de la qualit\u00e9 des protagonistes et m\u00eame de leurs motivations respectives\u2026 Bayle \u00e9tait bien ce qu&rsquo;il semblait \u00eatre, un homme sans honneur, une ordure v\u00e9nale et sans scrupules, un individu avide d&rsquo;argent, mercenaire par int\u00e9r\u00eat. Au contraire, Withdraw, le mage, \u00e9tait un criminel plus int\u00e9ressant. Bien s\u00fbr il exer\u00e7ait le m\u00eame commerce de comp\u00e9tences que Bayle et vivait en marge de l&rsquo;existence rang\u00e9e des travailleurs corporatistes. Pourtant, sans \u00eatre un saint, il agissait \u00e0 sa mani\u00e8re pour \u00e9tablir une soci\u00e9t\u00e9 meilleure, ses aspirations \u00e9taient politiques, il voulait une soci\u00e9t\u00e9 sans m\u00e9gacorporations, sans justice de l&rsquo;argent. \u00c9videmment, Bayle se moquait de l&rsquo;attitude de son confr\u00e8re, mais l&rsquo;inspecteur sp\u00e9cial Smith ressentait plut\u00f4t une sorte de respect pour ce Walther Withdraw et sa libert\u00e9 d&rsquo;\u00eatre.<\/p>\n<p>Malgr\u00e9 ces consid\u00e9rations philosophiques, le mage avait tu\u00e9 un cadre de chez NeoNet et ses gardes du corps, avec la complicit\u00e9 d&rsquo;un mercenaire et pour le compte d&rsquo;une tierce personne qui les avait ill\u00e9galement r\u00e9mun\u00e9r\u00e9s. Pour tout cela, il devenait coupable aux yeux de la justice, dont Smith \u00e9tait le repr\u00e9sentant.<\/p>\n<p>Frank souriait int\u00e9rieurement. Malgr\u00e9 les coups re\u00e7us, dont son visage tum\u00e9fi\u00e9 t\u00e9moignerait dans les Ombres, il se savait vainqueur. Cet inspecteur sp\u00e9cial avait tout gob\u00e9 de son r\u00e9cit et croyait fermement en la culpabilit\u00e9 pleine et enti\u00e8re de Withdraw. Tant mieux, finalement. Son court s\u00e9jour chez la Star apporterait \u00e0 Junk un prestige cons\u00e9quent. Ses futurs Johnson sauraient que l&rsquo;homme qu&rsquo;ils paient sait utiliser sa mati\u00e8re grise et surtout se taire.<\/p>\n<p>\u2013 \u00c9coute moi, Bayle, je te le redemande une derni\u00e8re fois\u2026 O\u00f9 est ton ami Walther Withdraw ? Si tu le dis, j&rsquo;\u00e9touffe ta complicit\u00e9 dans l&rsquo;affaire ; tu vois, je suis correct avec toi. Tu me craches une adresse, un lieu o\u00f9 le trouver et tu repars blanc comme neige !<\/p>\n<p>\u2013 Ouais \u00e7a semble correc\u2019, Star boy, trop correc&rsquo; m\u00eame\u2026 Encore une embrouille de ta part\u2026 J\u2019marche pas, je suis pas une balance\u2026 Donne moi une raison de te croire\u2026<\/p>\n<p>L&rsquo;elfe ne semblait pas vouloir l\u00e2cher prise et continuait \u00e0 repousser le moment de l&rsquo;aveu crucial. Smith devait n\u00e9gocier avec son patron la lib\u00e9ration du suspect Bayle, mais il savait que celui-ci repartirait sain et sauf. La vid\u00e9o ne constituant pas une preuve recevable, et les aveux se limitant au chapitre d&rsquo;accusation de complicit\u00e9 de crime, la LS n\u2019avait rien contre Bayle. L&rsquo;inspecteur ne visait de toute fa\u00e7on que le gros poisson, le mage assassin, le fumeur de synth\u00e9clope \u00ab\u00a0Virginia Old\u00a0\u00bb.<\/p>\n<p>Quelques minutes plus tard, Declan Smith faisait les cents pas devant le bureau de la secr\u00e9taire du Commissaire Divisionnaire J.Horthiz. Quand il p\u00e9n\u00e9tra dans le bureau, les odeurs de soykaf et de toasts grill\u00e9s rappel\u00e8rent \u00e0 l&rsquo;inspecteur le repas saut\u00e9.<\/p>\n<p>\u2013 Monsieur, on tient le suspect, enfin presque. Notre balance veut \u00eatre lib\u00e9r\u00e9e en \u00e9change de l&rsquo;adresse\u2026<\/p>\n<p>\u2013 Smith, j&rsquo;appr\u00e9cierais fortement que vous m&rsquo;expliquiez plus calmement et clairement de quoi vous parlez, dit le commissaire, levant un sourcil \u00e9tonn\u00e9\u2026<\/p>\n<p>\u2013 Pardon, Monsieur. Je r\u00e9sume, si vous permettez ?<\/p>\n<p>\u2013 Je permets, Smith, je permets\u2026<\/p>\n<p>\u2013 Voil\u00e0 : cette nuit vers deux heures, Doc Wagon nous signale le d\u00e9c\u00e8s d&rsquo;un de ses patients, \u00e0 l&rsquo;h\u00f4pital St James. Histoire classique et par routine, on lance une Proc\u00e9dure d&rsquo;Enqu\u00eate Standard\u2026 Sauf qu\u2019apr\u00e8s fouille de la sc\u00e8ne de crime on tombe sur un m\u00e9got\u2026 Recherche effectu\u00e9e, c&rsquo;est un certain Walther Withdraw, un shadowrunner \u00e9coterroriste et mage qui l&rsquo;a fum\u00e9 et qui est coupable du meurtre aussi\u2026 Le seul moyen que l&rsquo;on a de l&rsquo;attraper, c&rsquo;est par un certain Frank Bayle, le suspect que j&rsquo;interroge en ce moment. Il est complice mais il n&rsquo;y a aucune preuve tangible. Par contre, on peut le l\u00e2cher pour avoir le mage\u2026<\/p>\n<p>\u2013 Eh bien, faites donc \u00e7a, Smith, et cl\u00f4turez moi cette PES rapidement,\u2026 Je vais pas bouffer des cr\u00e9ditubes \u00e0 vous payer pour ce genre de b\u00eatises ! Qu\u2019attendez-vous, Smith ?<\/p>\n<p>\u2013 Votre signature, Monsieur, S\u2019il vous plait\u2026<\/p>\n<hr \/>\n<p>Declan Smith \u00e9tait sorti du QG Lone Star comme un fou furieux, les pneus de sa Ford Americar, mod\u00e8le 2053, laissant de longue trace de gomme sur l\u2019asphalte. Il filait grand train vers le \u00ab\u00a0Jade Jaune\u00a0\u00bb, o\u00f9 il allait arr\u00eater Withdraw. En effet, sa n\u00e9gociation avait fonctionn\u00e9. Frank Bayle, contre sa lib\u00e9ration et son blanchiment dans l\u2019affaire, avait r\u00e9v\u00e9l\u00e9 que Withdraw se trouvait encore au bar f\u00eatant son forfait nocturne dans le stupre et la luxure.<\/p>\n<hr \/>\n<p>Quelque part dans la baie de Seattle, au m\u00eame instant, un corps inerte refit surface. Apr\u00e8s enqu\u00eate, l\u2019autopsie confirmerait que ce corps \u00e9tait celui d\u2019un certain elfe, nomm\u00e9 Frank Bayle et mort par empoisonnement apr\u00e8s ingestion de Fugu dans un bordel japonais.<\/p>\n<hr \/>\n<p>Junk, de son c\u00f4t\u00e9, avait r\u00e9cup\u00e9r\u00e9 ses maigres affaires au d\u00e9p\u00f4t. Le pr\u00e9pos\u00e9 lui avait remis son commlink, son Predator avec son permis de port d\u2019armes, son briquet et son paquet de \u00ab\u00a0Virginia Old\u00a0\u00bb. Dehors, il se mit \u00e0 sourire et respira \u00e0 pleins poumons l\u2019air vici\u00e9 du m\u00e9troplexe. Walther Withdraw alluma une cigarette et laissa tomber son masque magique\u2026<\/p>\n","protected":false},"excerpt":{"rendered":"<p>\u00ab\u00a0On sait que tu le connais ! Et tu vas nous dire ce que tu sais sur lui !\u00a0\u00bb Silence. Dans la petite pi\u00e8ce sombre et surchauff\u00e9e du b\u00e2timent principal de la Lone Star \u00e0 Seattle, cela faisait pr\u00e8s de deux heures que l\u2019inspecteur sp\u00e9cial Declan Smith interrogeait Frank Bayle. Dans cette affaire de meurtre, [&hellip;]<\/p>\n","protected":false},"author":1,"featured_media":0,"parent":198,"menu_order":0,"comment_status":"closed","ping_status":"closed","template":"","meta":{"footnotes":""},"class_list":["post-592","page","type-page","status-publish","hentry"],"_links":{"self":[{"href":"http:\/\/www.franchouille.fr\/testsr\/wp-json\/wp\/v2\/pages\/592","targetHints":{"allow":["GET"]}}],"collection":[{"href":"http:\/\/www.franchouille.fr\/testsr\/wp-json\/wp\/v2\/pages"}],"about":[{"href":"http:\/\/www.franchouille.fr\/testsr\/wp-json\/wp\/v2\/types\/page"}],"author":[{"embeddable":true,"href":"http:\/\/www.franchouille.fr\/testsr\/wp-json\/wp\/v2\/users\/1"}],"replies":[{"embeddable":true,"href":"http:\/\/www.franchouille.fr\/testsr\/wp-json\/wp\/v2\/comments?post=592"}],"version-history":[{"count":0,"href":"http:\/\/www.franchouille.fr\/testsr\/wp-json\/wp\/v2\/pages\/592\/revisions"}],"up":[{"embeddable":true,"href":"http:\/\/www.franchouille.fr\/testsr\/wp-json\/wp\/v2\/pages\/198"}],"wp:attachment":[{"href":"http:\/\/www.franchouille.fr\/testsr\/wp-json\/wp\/v2\/media?parent=592"}],"curies":[{"name":"wp","href":"https:\/\/api.w.org\/{rel}","templated":true}]}}