{"id":342,"date":"2016-03-20T16:22:59","date_gmt":"2016-03-20T15:22:59","guid":{"rendered":"http:\/\/www.franchouille.fr\/shadowrun\/?page_id=342"},"modified":"2016-03-20T16:22:59","modified_gmt":"2016-03-20T15:22:59","slug":"ombre-parmi-ombres-interlude","status":"publish","type":"page","link":"http:\/\/www.franchouille.fr\/testsr\/sr-inspi\/nouvelles\/ombre-parmi-ombres-interlude\/","title":{"rendered":"Une Ombre parmi les Ombres&#8230; (Interlude)"},"content":{"rendered":"<p>Jack s&rsquo;avan\u00e7a vers la grande baie vitr\u00e9e qui lui offrait une vue panoramique sur la Metroplexe de Seattle. Un verre de vin a la main, il avait d\u00e9cid\u00e9 de mettre depuis peu un terme \u00e0 ses activit\u00e9s nocturnes.<\/p>\n<p>Pas moins de cinq millions de nuyens repartirent sur des comptes anonymes aux quatre coins du monde, Une petite amis star du simsens, il avait m\u00eame obtenu la reconnaissance des UCAS pour service rendu. Pourquoi avait-il re\u00e7u ce coup de fil&#8230;<\/p>\n<p>Jack but une gorg\u00e9e de vin. Plus t\u00f4t dans la journ\u00e9e, un inconnu l&rsquo;avait appel\u00e9 pour lui annoncer la mort Bobby King, son meilleur amis, mais aussi son partenaire \u00e0 l&rsquo;\u00e9poque ou il ne travaillait pas encore pour les services secrets.<\/p>\n<p>Tant de Choses avaient chang\u00e9 depuis cette \u00e9poque, de proche tomb\u00e9s au feu, tant de voyage&#8230; Il \u00e9tait fatigu\u00e9, mais il ne pouvais pas rester ici, en laissant les assassins de son fr\u00e8re d&rsquo;armes s&rsquo;en tirer.<\/p>\n<p>Sa main se crispa sur le verre qui se brisa, rependant son contenu sur la moquette bleu nuit.<\/p>\n<p>Il connaissait les assassins, il avait d\u00e9j\u00e0 travaill\u00e9 avec eux, et ils n&rsquo;avait pris pour cible King que pour l\u2019app\u00e2ter lui&#8230; toutes ces donn\u00e9es lui trott\u00e9es dans la t\u00eate&#8230;<\/p>\n<p>Du sang commen\u00e7a \u00e0 goutter de l&rsquo;entaille occasionn\u00e9es par le verre. Jack eu soudain soif, soif de vengeance, soif de sang, car il \u00e9tait ainsi, manipulation g\u00e9n\u00e9tique d&rsquo;origine vampire. Assassin durant plusieurs ann\u00e9e dans les rang des assassins de Lofwyr, ce dernier voulait aujourd&rsquo;hui montrer a Jack qu&rsquo;on ne d\u00e9sob\u00e9issait pas aussi facilement aux ordres d&rsquo;un Dragon.<\/p>\n<p>Jack appela Stark pour lui demander son mat\u00e9riel habituel \u00e0 Los Angeles. \u00ab\u00a0SOLID\u00a0\u00bb allait reprendre du service dans le mondes des Ombres&#8230;<\/p>\n<p>Jessy ne vit que la porte se fermer quand elle arriva dans le hall, r\u00e9veill\u00e9e par le coup de fil elle avait entendu \u00e0 demi mots la discussion. Elle compris et s&rsquo;effondra sur le sol en pleure. L&rsquo;homme qu&rsquo;elle aimait ne reviendrait peut-\u00eatre pas, Il ne s\u2019arr\u00eaterait jamais, car ainsi \u00e9t\u00e9 sa nature. Il \u00e9tait une Ombre parmi les Ombres.<\/p>\n","protected":false},"excerpt":{"rendered":"<p>Jack s&rsquo;avan\u00e7a vers la grande baie vitr\u00e9e qui lui offrait une vue panoramique sur la Metroplexe de Seattle. Un verre de vin a la main, il avait d\u00e9cid\u00e9 de mettre depuis peu un terme \u00e0 ses activit\u00e9s nocturnes. Pas moins de cinq millions de nuyens repartirent sur des comptes anonymes aux quatre coins du monde, [&hellip;]<\/p>\n","protected":false},"author":1,"featured_media":0,"parent":198,"menu_order":0,"comment_status":"closed","ping_status":"closed","template":"","meta":{"footnotes":""},"class_list":["post-342","page","type-page","status-publish","hentry"],"_links":{"self":[{"href":"http:\/\/www.franchouille.fr\/testsr\/wp-json\/wp\/v2\/pages\/342","targetHints":{"allow":["GET"]}}],"collection":[{"href":"http:\/\/www.franchouille.fr\/testsr\/wp-json\/wp\/v2\/pages"}],"about":[{"href":"http:\/\/www.franchouille.fr\/testsr\/wp-json\/wp\/v2\/types\/page"}],"author":[{"embeddable":true,"href":"http:\/\/www.franchouille.fr\/testsr\/wp-json\/wp\/v2\/users\/1"}],"replies":[{"embeddable":true,"href":"http:\/\/www.franchouille.fr\/testsr\/wp-json\/wp\/v2\/comments?post=342"}],"version-history":[{"count":0,"href":"http:\/\/www.franchouille.fr\/testsr\/wp-json\/wp\/v2\/pages\/342\/revisions"}],"up":[{"embeddable":true,"href":"http:\/\/www.franchouille.fr\/testsr\/wp-json\/wp\/v2\/pages\/198"}],"wp:attachment":[{"href":"http:\/\/www.franchouille.fr\/testsr\/wp-json\/wp\/v2\/media?parent=342"}],"curies":[{"name":"wp","href":"https:\/\/api.w.org\/{rel}","templated":true}]}}