{"id":281,"date":"2009-09-26T15:16:00","date_gmt":"2009-09-26T14:16:00","guid":{"rendered":"http:\/\/www.franchouille.fr\/shadowrun\/?page_id=281"},"modified":"2009-09-26T15:16:00","modified_gmt":"2009-09-26T14:16:00","slug":"sr4a-scenario-3-petits-tours-cadavre","status":"publish","type":"page","link":"http:\/\/www.franchouille.fr\/testsr\/aides-de-jeu\/scenarios\/sr4a-scenario-3-petits-tours-cadavre\/","title":{"rendered":"SR4A &#8211; Sc\u00e9nario : 3 petits tours pour un cadavre"},"content":{"rendered":"<p>Histoire de vous familiariser avec les Ombres de Marseille (d\u00e9crite en d\u00e9tail dans *Capitales des Ombres*), Romano Garnier de l&rsquo;\u00e9quipe d&rsquo;OP vous propose <a href=\"http:\/\/www.franchouille.fr\/testsr\/files\/2016\/03\/SR4A-Sc\u00e9nario-Trois-petits-tours-pour-un-cadavre-.pdf\" rel=\"\">SR4A &#8211; Sc\u00e9nario &#8211; Trois petits tours pour un cadavre<\/a>, une enqu\u00eate id\u00e9ale comme sc\u00e9nario d&rsquo;introduction ou pour jouer une aventure d&rsquo;une soir\u00e9e ou deux.<\/p>\n<p><em>Les runners doivent mettre la main sur le cadavre d&rsquo;un vieil ork SINless avant qu&rsquo;on incin\u00e8re ce corps qui n&rsquo;int\u00e9resse personne&#8230; Mais alors pourquoi le Johnson tient-il tellement \u00e0 l&rsquo;autopsier ?<\/em><\/p>\n<p style=\"text-align: center\"><span style=\"color: #ff0000\"><strong><em>!!! SPOILER !!!<\/em><\/strong><\/span><\/p>\n<p>Ce sc\u00e9nario n&rsquo;est autre que la premi\u00e8re aventure de la campagne incluse dans le suppl\u00e9ment <strong><a href=\"http:\/\/www.black-book-editions.fr\/index.php?site_id=104\">SOX &#8211; Ombres radioactives d&rsquo;Europe<\/a><\/strong>.<\/p>\n<p>Vous pouvez le faire jouer en one-shot, inventer vos propres suites, ou encha\u00eener sur la campagne , <strong>Mauvais Pr\u00e9sage<\/strong>, en achetant le suppl\u00e9ment.<\/p>\n","protected":false},"excerpt":{"rendered":"<p>Histoire de vous familiariser avec les Ombres de Marseille (d\u00e9crite en d\u00e9tail dans *Capitales des Ombres*), Romano Garnier de l&rsquo;\u00e9quipe d&rsquo;OP vous propose SR4A &#8211; Sc\u00e9nario &#8211; Trois petits tours pour un cadavre, une enqu\u00eate id\u00e9ale comme sc\u00e9nario d&rsquo;introduction ou pour jouer une aventure d&rsquo;une soir\u00e9e ou deux. Les runners doivent mettre la main sur [&hellip;]<\/p>\n","protected":false},"author":1,"featured_media":0,"parent":286,"menu_order":0,"comment_status":"closed","ping_status":"closed","template":"","meta":{"footnotes":""},"class_list":["post-281","page","type-page","status-publish","hentry"],"_links":{"self":[{"href":"http:\/\/www.franchouille.fr\/testsr\/wp-json\/wp\/v2\/pages\/281","targetHints":{"allow":["GET"]}}],"collection":[{"href":"http:\/\/www.franchouille.fr\/testsr\/wp-json\/wp\/v2\/pages"}],"about":[{"href":"http:\/\/www.franchouille.fr\/testsr\/wp-json\/wp\/v2\/types\/page"}],"author":[{"embeddable":true,"href":"http:\/\/www.franchouille.fr\/testsr\/wp-json\/wp\/v2\/users\/1"}],"replies":[{"embeddable":true,"href":"http:\/\/www.franchouille.fr\/testsr\/wp-json\/wp\/v2\/comments?post=281"}],"version-history":[{"count":0,"href":"http:\/\/www.franchouille.fr\/testsr\/wp-json\/wp\/v2\/pages\/281\/revisions"}],"up":[{"embeddable":true,"href":"http:\/\/www.franchouille.fr\/testsr\/wp-json\/wp\/v2\/pages\/286"}],"wp:attachment":[{"href":"http:\/\/www.franchouille.fr\/testsr\/wp-json\/wp\/v2\/media?parent=281"}],"curies":[{"name":"wp","href":"https:\/\/api.w.org\/{rel}","templated":true}]}}